8 - 9?
-6596
In base 15, what is 5 - 11a95?
-11a90
In base 14, what is -1999 + -5?
-19a0
In base 14, what is -3 + 125c2?
125bd
In base 9, what is -1534 - -51?
-1473
In base 4, what is -130011 - 301?
-130312
In base 7, what is 1 + 53505?
53506
In base 13, what is -b + -110341?
-11034c
In base 6, what is -42 + -2430?
-2512
In base 4, what is -10 - 3111002?
-3111012
In base 13, what is 22b3bc - -5?
22b3c4
In base 2, what is -100000010010100100 - 100?
-100000010010101000
In base 16, what is -16241 + -5?
-16246
In base 5, what is 20302042 - 1?
20302041
In base 2, what is 1000010001111110 - 1?
1000010001111101
In base 10, what is 32 + -119?
-87
In base 11, what is 781a6 + 0?
781a6
In base 5, what is -21132123 - -2?
-21132121
In base 3, what is 102 - -2022102211?
2022110020
In base 7, what is -105 + 104?
-1
In base 8, what is -315 + 2341?
2024
In base 16, what is b14b + 1?
b14c
In base 11, what is 2 + -aa63?
-aa61
In base 14, what is 5 - a58dd?
-a58d8
In base 9, what is -25 + -504?
-530
In base 10, what is -1080836 - 5?
-1080841
In base 7, what is -104663 - 2?
-104665
In base 15, what is -1057 - -20a?
-d4c
In base 13, what is -54730 + -5?
-54735
In base 2, what is -10001001 + 11000000?
110111
In base 5, what is -31223 - -24140?
-2033
In base 8, what is -123 - 1043?
-1166
In base 12, what is 5b - -2244?
22a3
In base 16, what is 5 - -2118?
211d
In base 16, what is -13c12 - 15?
-13c27
In base 14, what is -33 + a9?
76
In base 10, what is -1051548 - -4?
-1051544
In base 8, what is -13643 + -146?
-14011
In base 8, what is -42752 + 7?
-42743
In base 11, what is -658 + -a0?
-748
In base 6, what is -225150 + -25?
-225215
In base 10, what is -701610 + 4?
-701606
In base 4, what is -100022 - -112120?
12032
In base 7, what is 654 - -22?
1006
In base 11, what is 6aa - 13?
697
In base 3, what is 12122221 + 10?
12200001
In base 7, what is 16 + 4135?
4154
In base 12, what is 21310a + 1?
21310b
In base 4, what is -1101 - 33232?
-100333
In base 7, what is 1 + -152043?
-152042
In base 9, what is -11 - -1383277?
1383266
In base 2, what is -110 + -1011100000000100?
-1011100000001010
In base 11, what is 35912 - 1?
35911
In base 9, what is 2214 - -18?
2233
In base 5, what is -22311 - 4?
-22320
In base 14, what is -d8a + -3b?
-dc7
In base 10, what is -4500 - -752?
-3748
In base 5, what is 2142 - 10303?
-3111
In base 16, what is 33cbb - 2?
33cb9
In base 14, what is -a + -42bb?
-42c7
In base 12, what is a + 8610?
861a
In base 8, what is -503540 - 20?
-503560
In base 2, what is -100101100010111 + -10000?
-100101100100111
In base 14, what is 0 + -1c93?
-1c93
In base 3, what is 12122222 + -211?
12122011
In base 5, what is 10 + -243420103?
-243420043
In base 11, what is -1177 + -2?
-1179
In base 9, what is -20075 - -127?
-18847
In base 9, what is -141 - -373?
232
In base 6, what is 1422345 + 33?
1422422
In base 11, what is -86613 + -6?
-86619
In base 6, what is -1155 + 1034?
-121
In base 16, what is 21cf - -203?
23d2
In base 7, what is -144 - -1240?
1063
In base 12, what is -1362 - 138?
-149a
In base 15, what is c30 - -29?
c59
In base 10, what is 636 + 12?
648
In base 11, what is -3002 - -10?
-2aa2
In base 14, what is -14aa - -726?
-b84
In base 8, what is 70223 - -4?
70227
In base 3, what is 211 + -2211212121?
-2211211210
In base 9, what is -3 + 15274?
15271
In base 13, what is 21628 + 2?
2162a
In base 9, what is -1134854 + -4?
-1134858
In base 6, what is 31 - 5244?
-5213
In base 3, what is 100100 + -21210212?
-21110112
In base 13, what is -4 + 6c32?
6c2b
In base 4, what is 2130103 + 3?
2130112
In base 7, what is 10 - -36030?
36040
In base 12, what is 3 - -83369?
83370
In base 7, what is 336016 + 12?
336031
In base 9, what is 10 + -21182?
-21172
In base 10, what is 0 + -33166?
-33166
In base 15, what is -3958b - -1?
-3958a
In base 14, what is -2cd88 + 8?
-2cd80
In base 9, what is -2773 - 30?
-2813
In base 9, what is 213655 - 3?
213652
In base 6, what is 51542 + -14?
51524
In base 14, what is -113 + -49?
-15c
In base 14, what is -2 + -c635?
-c637
In base 10, what is 6 + -237433?
-237427
In base 10, what is -11178 - 7?
-11185
In base 11, what is -24936 - -7?
-2492a
In base 11, what is 1851 + -1?
1850
In base 16, what is f9b - 4c6?
ad5
In base 10, what is 5 - 348538?
-348533
In base 6, what is 4 - -2204431?
2204435
In base 13, what is 0 + 141c5?
141c5
In base 8, what is -23 + 2353?
2330
In base 4, what is 2013132 + 0?
2013132
In base 12, what is -197 + -140?
-317
In base 8, what is 17153 - 17?
17134
In base 7, what is -242 - 205?
-450
In base 12, what is 2b + -29492?
-29463
In base 16, what is -1d180 + 3?
-1d17d
In base 13, what is 1152ac0 - -3?
1152ac3
In base 6, what is -1342231 + 43?
-1342144
In base 3, what is 1001201121002 + 10?
1001201121012
In base 15, what is -9 - 1bb0?
-1bb9
In base 11, what is -19 - -2200a?
21aa1
In base 8, what is -22123 - 1?
-22124
In base 9, what is 16804 - -26?
16831
In base 6, what is 15 + 252?
311
In base 5, what is 10 + 31432032?
31432042
In base 12, what is 140981 + 2?
140983
In base 2, what is 11000110001011101 + 101?
11000110001100010
In base 16, what is -3 - -1ea0?
1e9d
In base 8, what is 15327 + 3?
15332
In base 11, what is 148 - 12?
136
In base 2, what is 100 - -110001011111111?
110001100000011
In base 2, what is 11101011101000101 + -10?
11101011101000011
In base 16, what is 4 + -190d7?
-190d3
In base 6, what is 5 + -211235?
-211230
In base 13, what is -81b2a - -3?
-81b27
In base 15, what is -2 + 525?
523
In base 11, what is -1 - 154956?
-154957
In base 6, what is 1133405 + -1?
1133404
In base 6, what is 10 + 442221?
442231
In base 4, what is -11320212 - 11?
-11320223
In base 14, what is c934c + -5?
c9347
In base 14, what is 63 + 16a?
1cd
In base 4, what is 3 - -12120313?
12120322
In base 12, what is -53605 - 0?
-53605
In base 15, what is 7c - 1160?
-10d3
In base 11, what is -645 - 362?
-9a7
In base 12, what is 637b49 + 0?
637b49
In base 12, what is 591 - -3843?
4214
In base 11, what is -33a16 - 4?
-33a1a
In base 10, what is 1241 + 334?
1575
In base 2, what is 101 + 11100110000011?
11100110001000
In base 3, what is -12 + -11220110?
-11220122
In base 4, what is -2 + -2201212001?
-2201212003
In base 16, what is 3 - -b51?
b54
In base 11, what is -152 - -8?
-145
In base 11, what is -39 + -535?
-573
In base 4, what is -3 - 1013333?
-1020002
In base 9, what is 127 - -33613?
33741
In base 7, what is -1026355 - 14?
-1026402
In base 13, what is 0 + 1b823?
1b823
In base 7, what is 2514 - -11?
2525
In base 11, what is 941 + 430?
1271
In base 13, what is 2 - -c874c?
c8751
In base 14, what is 942186 - 2?
942184
In base 6, what is -10453332 - 0?
-10453332
In base 14, what is 44 + 86a?
8b0
In base 4, what is 11203212 - 121?
11203031
In base 14, what is 498d5 - 1?
498d4
In base 13, what is 0 + -1a1b6?
-1a1b6
In base 12, what is 8 - 85177?
-8516b
In base 10, what is -11 + 2031?
2020
In base 11, what is -2a8385 + 6?
-2a837a
In base 4, what is 11321212111 - 3?
11321212102
In base 2, what is 1001111001 - 1111100?
111111101
In base 10, what is 9795 + -278?
9517
In base 7, what is -40536 - -12?
-40524
In base 8, what is 27 + -363?
-334
In base 2, what is 100111 - 11000001001?
-10111100010
In base 13, what is 404 - -44?
448
In base 12, what is 3 + 4065a?
40661
In base 7, what is -26402 - 0?
-26402
In base 7, what is -1 + 246114?
246113
In base 15, what is 34281d - 3?
34281a
In base 4, what is 0 - 31020?
-31020
In base 6, what is 4 - -114103?
114111
In base 3, what is 0 - 12220022120?
-12220022120
In base 2, what is 0 - 100101111111000110110?
-100101111111000110110
In base 13, what is 1 + 184?
185
In base 13, what is 0 - -1ba57?
1ba57
In base 5, what is -4 + -43133?
-43142
In base 12, what is -2393 - 35a?
-2731
In base 16, what is -2 - -ce38?
ce36
In base 7, what is -6 + 10033004?
10032665
In base 16, what is 11 - -8?
19
In base 5, what is 10413 + 131?
11044
In base 12, what is -10 + -64771?
-64781
In base 8, what is -77046 + 2?
-77044
In base 8, what is -206 - -113?
-73
In base 6, what is -244 - -22525?
22241
In base 11, what is -8 + -11308?
-11315
In base 2, what is 100101101101 + -1101?
100101100000
In base 8, what is -2125 + 72?
-2033
In base 5, what is -3222114 + 2?
-3222112
In base 11, what is -4a83 + 9?
-4a75
In base 5, what is -1144 - -420024?
413330
In 